 v - 1. What is the remainder when 28 is divided by k?
8
Suppose 4*c = -4*j + 60, -342*c + 341*c + 45 = 3*j. Let t(k) = k - 4. Let u be t(9). Let g(m) = m**2 - 4*m + 5. What is the remainder when j is divided by g(u)?
5
Let r(x) = 2*x**3 + 58*x**2 + 179*x - 139. Calculate the remainder when r(-25) is divided by 10.
6
Let l(w) = w**3 + w**2 + 10*w + 1. Let y = 346 - 320. What is the remainder when l(3) is divided by y?
15
Let w be (-3 + 2)*145 - (6 - 5). Let t = w + 165. What is the remainder when t is divided by 12?
7
Suppose -127*y + 927 = -642 - 590. What is the remainder when 18 is divided by y?
1
Suppose -17*o + 3209 = 19*o - 931. Calculate the remainder when o is divided by 51.
13
Suppose 192 = -11*l - 5*l. What is the remainder when 103 is divided by l/9 + 575/15?
29
Suppose 3*n = -21, 8*n - 6*n + 70 = 2*f. What is the remainder when 770 is divided by f?
14
Suppose -115*i + 875 = -317 - 303. Calculate the remainder when 106 is divided by i.
2
Suppose -7*t - 231 = -49. Let w(r) = -3*r**2 - 83*r - 86. Calculate the remainder when 525 is divided by w(t).
41
Let v(f) = 8*f**2 - 10*f - 73. What is the remainder when v(-5) is divided by (-2)/(-1) + -3 + -3 + 16?
9
Let m = -215 - -259. What is the remainder when 54 is divided by (-17)/(-2)*m/22?
3
Let d(b) = 9*b + 297. Let c be d(-33). Suppose -6*o + 176 = 2*u - 8*o, 4*u + 5*o - 388 = c. Calculate the remainder when u is divided by 25.
17
Let b = 98 - 224. Let n = 141 + b. What is the remainder when 72 is divided by n?
12
Let w be (-15368)/(-56) + ((-54)/(-21) - 2). Suppose 4*z + 7*z = w. What is the remainder when z is divided by 13?
12
Suppose -v - 4*n + 3 = -3*n, -5*v - 3*n = -9. Suppose v = 3*o + 4*k - 5, -k = 5*o - 4 - 27. What is the remainder when 18 is divided by o?
4
Suppose -13*n + 3*h - 12 = -14*n, 2*h = -2*n + 16. Suppose n*g = -232 + 448. Calculate the remainder when 140 is divided by g.
32
Let u(v) = -454*v + 14647. What is the remainder when u(27) is divided by 48?
37
Let g = -18 + 32. Let p(j) = -5*j**3 + 2*j**2 + 8*j + 21. What is the remainder when p(-2) is divided by g?
11
Suppose 394 = 2*w + 2*q, 626 + 395 = 5*w - 4*q. Calculate the remainder when w is divided by 54 - -32*10*(-7)/(-140).
61
Suppose -9*t - 8922 = -9192. Suppose -4*o = s - 353, -s + 64 = 5*o - 377. What is the remainder when o is divided by t?
28
Let b(c) = -41*c + 619. Let s be (-3 - 1/(-1)) + 4. Suppose -25 = -s*z + 5. What is the remainder when z is divided by b(15)?
3
Suppose 3*y - 15 = -0. Suppose -476 = -6*s - 2. Suppose -b = -4*c - 10 + s, 5*b = -y*c + 80. Calculate the remainder when 49 is divided by c.
15
Suppose -2*m + 250 = 2*l, -2*m = -49*l + 47*l + 286. Calculate the remainder when 212 is divided by l.
78
Suppose -2*g - 12 = -5*g. Let u(x) = 27*x + 122. Let n be u(7). Let c = n - 297. What is the remainder when c is divided by g?
2
Let w = 294 - 24. Let r = 285 - w. Calculate the remainder when 36 is divided by r.
6
Suppose 10*o - 230 = -2*d, 6*d - 9*d + 345 = -o. Let r(s) = -s**3 + 6*s**2 + 5. Let v = 14 + -9. Calculate the remainder when d is divided by r(v).
25
What is the remainder when 197 is divided by 1694/(0 - -22)*1?
43
Let q be -5 + 12 + (1 - (-2 + 5)). Suppose q*v + 10 = 0, -9*d + 5*d = 3*v - 14. What is the remainder when 24 is divided by d?
4
Let s be (66 + -4)*(-13)/2. Let n = -395 - s. Calculate the remainder when 15 is divided by n.
7
Suppose 5*l - 4*z - 470 = 0, -4*z = 2*l - 100 - 88. Suppose l = -3*c + 205. Calculate the remainder when c is divided by 14.
9
What is the remainder when (((-1)/1)/(24/(-60)))/((-2)/(-484)) is divided by 101?
100
Let j be 4/5 + -21*2/15. Let w be (-33)/(-3) - (-6)/j. Calculate the remainder when 13 is divided by (-2 + 36/10)*20/w.
1
Suppose 0 = -37*i - 593 + 2887. What is the remainder when 63 + 10/(-3 + 5) is divided by i?
6
Suppose -4*d - 74 = -2*v, 4*v - d = 14 + 78. Calculate the remainder when 172 is divided by v.
4
Let k be (1724/6 - -1) + (-11)/33. Suppose -k = -15*j + 9*j. What is the remainder when j is divided by 31?
17
Let h = -63 + 74. Suppose -h*g + 0 = -33. What is the remainder when 110 is divided by g?
2
Suppose 140 = -r - 9*r. Let f be 2/7 + 130/r. Calculate the remainder when f/(-3) + -2 + 49 is divided by 17.
16
Suppose 0 = u + 13 - 67. Suppose -u*s + 110 = -49*s. What is the remainder when 70 is divided by s?
4
Let k = -1853 - -2211. What is the remainder when k is divided by 96?
70
Suppose 2*y - 3*s = 204, 116*s - 113*s - 6 = 0. Calculate the remainder when 2422 is divided by y.
7
Let q(p) = 19*p + 1097. Suppose -3*z + x - 169 = 0, 0 = -3*z + 2*x + 18 - 188. Let n = 122 + z. Calculate the remainder when n is divided by q(-57).
10
Let l be 22/(-18) - -1 - (-204655)/99. Suppose -5*s = 8*s - l. Calculate the remainder when s is divided by 1 + 18 - (-2 - -1).
19
Let q be 78/14 - 3 - (-8)/(-14). What is the remainder when 20 is divided by 8/q + 4*3/(-4)?
0
Let r = 101 - 107. Let s(y) = -2*y**2 - 16*y - 7. What is the remainder when s(r) is divided by 6?
5
Suppose -16*b = -3597 + 557. Calculate the remainder when b is divided by 14.
8
Suppose -2*i = 4*c - 26, 5*i - 16 = 3*c - 3. Suppose -42 = -4*j + 3*r, -i*j + r = -2*j - 29. Let p = j - -17. What is the remainder when 39 is divided by p?
13
Let f = -15536 + 15900. What is the remainder when 2190 is divided by f?
6
Suppose -y + 230 = 2*r, 11*y - 7*y = 5*r - 601. Let v(i) = -i + 8 + 8*i - 5*i. Calculate the remainder when r is divided by v(12).
21
Let j = -68 - -104. Let w = j + -36. Let l = 41 - w. What is the remainder when l is divided by 14?
13
Suppose -178*l = -100*l - 7878. Calculate the remainder when l is divided by 31.
8
Let i be 12/6*218/4. Let p = i - 66. Let y = -25 - -107. What is the remainder when y is divided by p?
39
Let p be 4*((-3 - -4) + 0). Suppose -15 = 4*l - 3*j, 13 = -p*l - l - 2*j. What is the remainder when 47 is divided by 0 + 3/(-2)*20/l?
7
Let q(c) be the second derivative of 2*c**3/3 - 49*c**2/2 + 48*c. What is the remainder when q(17) is divided by 5?
4
Let w(p) = 2*p**2 - 37*p + 22. Let f be w(18). Suppose -f = -s + 1, u = s + 8. What is the remainder when u is divided by 10?
3
Let j(i) = -i + 2. Let m be j(-3). What is the remainder when 176 - (6 - -4 - m) is divided by 3?
0
Suppose 60 = -24*y + 876. Calculate the remainder when 568 is divided by y.
24
Suppose 5*c - 369 - 694 = 3*u, 0 = -4*u - 4. Suppose -4*g - 8*o = -11*o - 449, -c = -2*g + 4*o. Calculate the remainder when g is divided by 27.
8
Suppose 3*m - 48 = -d + 5*d, 60 = -5*d - 5*m. Let h be (2/d*-3)/(1/122). Suppose 3*y - h = 11. Calculate the remainder when y is divided by 9.
6
Suppose 3*n - 15 = -h, -2*h = -0*h - n + 5. Suppose 3*i - 19 - 95 = h. What is the remainder when 186 is divided by i?
34
Let z = 4942 - 4634. Calculate the remainder when z is divided by 39.
35
Suppose 0 = 6*a - 16 - 14. Suppose 0 = -c - a, -4*c = -0*g - 3*g - 3070. What is the remainder when 28 is divided by g/(-70) + 4/14?
13
Let j(u) = 5*u + 9*u**2 - 12*u**2 - 12*u**2 + 9*u - u**3. Suppose 8 = 2*z - 26. What is the remainder when j(-16) is divided by z?
15
Let s = -83 - -200. Suppose t = -r + 99, 3*r - 2*r = 5*t + s. Calculate the remainder when r is divided by 27.
21
Let y be (-5)/15*20*-3. Suppose -2*p - y = -0. Let w = p + 68. Calculate the remainder when w is divided by 15.
13
Suppose -2*r = -10*r + 40. Suppose 2*l = -i - 2*i - 408, r*l = -2*i - 998. What is the remainder when (-2 - -1)/(18/l) is divided by 5?
1
Suppose -x + 14 - 1 = 0. Suppose x + 31 = 4*h. Suppose 2929*z - 97252 + 15240 = 0. Calculate the remainder when z is divided by h.
6
Let j = 95 - 88. Let n = -9 + 17. Suppose n*w = 4*w + 136. What is the remainder when w is divided by j?
6
Let w(b) = 7*b + 40. Let j be w(-5). Suppose -p - 63 = -c, -2*p + 331 = j*c + p. What is the remainder when c is divided by 21?
2
Let l(u) = -u**3 - 3*u**2 + 4*u - 14. What is the remainder when l(-11) is divided by 45?
10
Let t be 3/30*-74 + (-2)/(-5). Suppose 0 = 2*f - f - 4, 2*k - 5*f - 146 = 0. What is the remainder when k is divided by (t/(-5) - 1)/((-4)/(-140))?
13
Let g(k) = 20*k**2 - 1. Let q be (-2)/(-6) - 8/6. Let p(n) = n**2 - 192*n + 1206. Calculate the remainder when p(186) is divided by g(q).
14
Suppose -7*h + 135 = 2*h. Suppose k - z + 19 = 3*z, 5*k 